01000 (base 2) to base 14.
-450c8
-1022221211010 (base 3) to base 4
-2230302033
Convert 11021210210 (base 3) to base 5.
10200143
What is -1001212222 (base 4) in base 9?
-448541
Convert 3349b2 (base 15) to base 13.
678272
What is -111011000101001101 (base 2) in base 5?
-30220442
3120133211 (base 4) to base 6
31001205
Convert 2acbbc (base 13) to base 8.
4017476
What is 11874297 (base 10) in base 14?
1811521
Convert -144625a (base 11) to base 12.
-9b8852
Convert 80430 (base 10) to base 15.
18c70
-643571 (base 8) to base 15
-43a20
-5013653 (base 7) to base 5
-122421012
Convert 472707 (base 15) to base 16.
33e20f
2a03c (base 13) to base 4
103110213
22001333212 (base 4) to base 6
132210034
What is -4cd580 (base 14) in base 2?
-1010000110101111011100
1327a68 (base 11) to base 5
1041411342
What is -2412122 (base 5) in base 7?
-244132
What is -110001010100001001 (base 2) in base 8?
-612411
Convert 3031314 (base 5) to base 3.
2111011022
-1191ba (base 16) to base 3
-2011111110010
-1cc96 (base 13) to base 15
-11da1
Convert -17b7e (base 15) to base 3.
-10220102002
Convert -22201210210 (base 3) to base 10.
-171903
Convert 11323131311 (base 4) to base 15.
20a7e8
-245015 (base 8) to base 4
-110220031
What is 15012354 (base 7) in base 12?
582a99
What is 92e2 (base 15) in base 10?
31037
-83123 (base 9) to base 6
-1101333
Convert -3731173 (base 8) to base 12.
-4173b7
What is 7b0b (base 15) in base 11?
18688
Convert -112031330223 (base 4) to base 11.
-3318978
Convert -330300221 (base 5) to base 15.
-1ce6e1
What is 606108 (base 11) in base 14?
1b5177
What is -100101210211 (base 3) in base 8?
-551302
-43012250 (base 7) to base 13
-9aa684
Convert 1f56 (base 16) to base 13.
3861
-e898 (base 15) to base 9
-74428
What is -262483 (base 10) in base 2?
-1000000000101010011
-31003313 (base 5) to base 8
-751132
What is -127222 (base 8) in base 9?
-67265
8aa9 (base 15) to base 10
29409
-4d81c (base 16) to base 7
-2461364
Convert 1213232332 (base 4) to base 10.
424894
Convert -10011211021 (base 3) to base 2.
-1111010001100110
-101233002 (base 6) to base 11
-a93082
Convert -392ccb (base 13) to base 2.
-101010000010011101101
What is -203102013130 (base 4) in base 9?
-18356517
What is 48869 (base 10) in base 13?
19322
Convert -21122021011 (base 3) to base 13.
-53599
What is 2373643 (base 8) in base 4?
2133132203
What is -215243012 (base 6) in base 11?
-221a555
What is -3101302 (base 4) in base 13?
-615a
What is 248cc (base 16) in base 12?
72778
Convert -a3447 (base 15) to base 5.
-113023332
-112130133 (base 4) to base 7
-532014
What is -1231304141 (base 5) in base 11?
-1765728
-1132205 (base 6) to base 11
-40221
What is 13073 (base 14) in base 7?
253203
Convert -4760051 (base 10) to base 11.
-276132a
What is 115536 (base 10) in base 16?
1c350
Convert 5573b1 (base 16) to base 12.
1a60a15
-76110 (base 9) to base 2
-1100010011010111
-11130122221 (base 4) to base 13
-3ac75c
5b5a53 (base 14) to base 12
1069a49
Convert 33b23 (base 13) to base 10.
94162
-22680 (base 13) to base 9
-104823
120311113012 (base 4) to base 13
146c1ac
22488 (base 15) to base 11
74a07
Convert 110011001112102 (base 3) to base 4.
120220130312
Convert -833402 (base 9) to base 13.
-144173
What is -5741385 (base 9) in base 15?
-412d2b
Convert 6040005 (base 7) to base 3.
1100100111010
2143223 (base 6) to base 8
320777
101814 (base 14) to base 3
1000112200210
What is -2312336 (base 7) in base 11?
-18812a
What is 110212210020 (base 3) in base 16?
3de60
Convert 106335625 (base 7) to base 6.
351545031
Convert 184a8 (base 15) to base 7.
445253
Convert -10020020102111 (base 3) to base 11.
-a730a5
Convert -20122222022012 (base 3) to base 4.
-31200312200
-20120200121212 (base 3) to base 5
-1343404333
Convert -183a8 (base 13) to base 3.
-2101011200
What is 11011000010100011101 (base 2) in base 15?
1277ea
-351421 (base 7) to base 16
-f604
26253b (base 14) to base 2
101000000011110011001
4452444 (base 6) to base 7
1624300
40525655 (base 7) to base 16
33a6e2
Convert 264b2cb (base 13) to base 12.
4038230
What is 161 (base 15) in base 10?
316
What is -14111525 (base 6) in base 13?
-1388ab
1531328 (base 9) to base 4
3032320013
10897 (base 15) to base 9
80087
Convert -85750 (base 10) to base 13.
-30052
What is 10111010101000111100 (base 2) in base 9?
1384587
-309a6 (base 14) to base 7
-665366
Convert 94079 (base 10) to base 5.
11002304
What is 435155 (base 9) in base 13?
91256
Convert 1111110111101101111011 (base 2) to base 16.
3f7b7b
What is -1100111011010101 (base 2) in base 7?
-310241
-122531424 (base 7) to base 3
-112120011212220
What is 2131111003 (base 4) in base 8?
2352503
Convert -74a794 (base 11) to base 3.
-2020222100011
Convert 85780 (base 9) to base 5.
3304042
What is 22003320022 (base 4) in base 2?
1010000011111000001010
What is 91212 (base 10) in base 15?
1c05c
Convert 2d85a (base 16) to base 4.
231201122
Convert bbbaa9 (base 12) to base 10.
2985825
Convert -1a7ec (base 16) to base 6.
-2154232
What is -25531321 (base 6) in base 16?
-cc2a1
Convert -11259 (base 14) to base 11.
-29307
5964ac (base 13) to base 16
20769a
12740104 (base 9) to base 15
84259d
What is 7763741 (base 8) in base 11?
11a8a89
Convert -687c4 (base 13) to base 6.
-4024541
-2305002 (base 6) to base 7
-1000133
-1412201 (base 10) to base 12
-5812b5
What is 3424032104 (base 5) in base 16?
749e9b
What is -dd97c (base 14) in base 6?
-15301522
What is 3310200033 (base 4) in base 11?
624483
What is 20112230323 (base 4) in base 15?
2d3de4
Convert 4770651 (base 8) to base 5.
313311144
1981187 (base 10) to base 13
544a00
-54526 (base 10) to base 5
-3221101
74673 (base 11) to base 6
2154505
-1111001110101111111000 (base 2) to base 15
-53ceb3
What is 48810 (base 11) in base 7?
411432
Convert 3703503 (base 8) to base 3.
1220200222101
Convert 2a146 (base 12) to base 10.
58950
Convert 24402442 (base 5) to base 13.
81571
What is cd32 (base 15) in base 4?
22213100
Convert -1022220202122110 (base 3) to base 12.
-6486286
Convert 30446 (base 9) to base 13.
9183
6162342 (base 7) to base 16
b42b2
What is -41312240 (base 5) in base 6?
-11130513
99673 (base 12) to base 13
715c2
What is -1583547 (base 12) in base 7?
-52262536
Convert 1711 (base 11) to base 10.
2190
What is 2a00792 (base 14) in base 16?
137df1c
1001000001100011100001 (base 2) to base 4
21001203201
-a21b9b (base 16) to base 10
-10623899
-3213444 (base 5) to base 16
-d3e9
What is -13562324 (base 8) in base 4?
-23232103110
What is 10257602 (base 8) in base 12?
895856
Convert -33313012 (base 4) to base 15.
-143b1
2116a (base 13) to base 12
2a588
What is -1363 (base 7) in base 9?
-654
812692 (base 11) to base 16
13efaa
Convert 15376404 (base 8) to base 6.
203500244
-21aa (base 14) to base 8
-13312
3502322 (base 8) to base 11
59a976
2acdd (base 16) to base 11
10a7a7
1312220143 (base 5) to base 14
60565d
What is 516776 (base 14) in base 8?
12362204
What is -180a4 (base 13) in base 5?
-2440041
What is -10110100000100111 (base 2) in base 9?
-150423
What is -1b73a3 (base 12) in base 11?
-304912
Convert -3260632 (base 7) to base 14.
-a6352
-134105453 (base 6) to base 14
-509665
Convert 26c8c (base 14) to base 7.
546135
Convert 13332524 (base 8) to base 6.
144112124
Convert 106a0 (base 11) to base 3.
210020020
-160ac2 (base 13) to base 3
-1000122220221
What is -230212211032 (base 4) in base 6?
-1054335154
-20212021002002 (base 3) to base 4
-31322100302
Convert 1741677 (base 9) to base 12.
3aa821
Convert -380456 (base 11) to base 3.
-1010112011211
Convert 59296 (base 14) to base 13.
77ba5
What is 11000100001111001111001 (base 2) in base 15?
870439
-110100010101000101 (base 2) to base 4
-310111011
10112112110201 (base 3) to base 15
272274
Convert 49325 (base 12) to base 3.
12000202002
What is -1072371 (base 9) in base 6?
-20225101
Convert -1022434 (base 8) to base 6.
-5453340
Convert 2120342 (base 6) to base 8.
312606
-1343401 (base 5) to base 15
-8451
Convert 428d2 (base 15) to base 10.
211247
60da69 (base 14) to base 5
1313432134
Convert -25540043 (base 7) to base 8.
-10704651
-110101100010100001 (base 2) to base 9
-363733
Convert 4768867 (base 9) to base 2.
1001110111000110110110
Convert 132344414 (base 6) to base 12.
a7510a
What is -2b199 (base 16) in base 9?
-288142
-2200200202210 (base 3) to base 12
-590063
What 